e -y*t - 3*t = 4*t. Suppose t = 5*o + 3*q - 91, -2*o + 3*q = -3*o + 23. What is the tens digit of o?
1
Suppose 33744 - 24807 = 3*i - 45687. What is the ten thousands digit of i?
1
Let j(y) = 1771*y + 5193. What is the units digit of j(9)?
2
Suppose 3*k = -4*h + 2725, 4*h + 4499 = -k + 6*k. Suppose 2*q - k + 89 = 0. What is the tens digit of q?
0
Suppose 3*a = 2*k + 34136, 0 = 2*a - 59*k + 56*k - 22769. What is the thousands digit of a?
1
Suppose 100*f - 5933606 = 1263994. What is the ten thousands digit of f?
7
Let k(a) = -3*a - 17. Let p be k(0). Let q be 2/7 + p/(119/(-516)). Let m = q - 63. What is the units digit of m?
1
Let s = 1130 + -1130. Suppose 0 = -2*d + 4*k - 2*k + 38, -3*k = 12. Suppose -d + s = -3*o, 4*o + 262 = 2*m. What is the tens digit of m?
4
Suppose 0 = 2*o + 4*o + 2400. Let b = o - -679. What is the units digit of b?
9
Let t = -2763 - -4110. What is the units digit of t?
7
Let f(a) = -a - 15. Let r be f(-19). Suppose -564 = -0*y - r*y. Suppose 0 = z - y + 49. What is the tens digit of z?
9
Suppose 6*p - 3*p = 1968. Suppose 2280 = 8*n - p. What is the units digit of n?
7
Let c(o) be the second derivative of o**5/10 - 7*o**4/12 + 5*o**3/6 + 366*o. Suppose 5*f - 30 = -10. What is the units digit of c(f)?
6
Suppose 4*t - 6*t - 3*k = 660, -1005 = 3*t - 3*k. Let u = 491 + t. What is the units digit of u?
8
Let r(u) be the second derivative of -20*u**3/3 + 19*u**2 + 28*u. Let s be r(5). Let o = s + 278. What is the units digit of o?
6
Suppose 2*u - 61 = -23. What is the hundreds digit of (-83)/((1/(-5))/(u + -17))?
8
Suppose 2*v - 2*i = -18, -18*v - i = -17*v - 1. What is the hundreds digit of 3748/36 + (v - 3)/63?
1
What is the tens digit of ((-18)/(-12))/(2*3/150248) + -1?
6
Let d = 12 + -37. Let y = d + 47. Suppose 0*n - y = -2*n. What is the units digit of n?
1
Let w(p) = 1227*p**2 - 33*p + 66. What is the tens digit of w(2)?
0
Suppose 3*w = 3*a + 582, -376 = -2*w - 2*a + 7*a. Let v = w - 115. What is the units digit of v*(-8)/(-10)*5/2?
6
Let u = 856 + -726. Suppose -x + 49 = -0*x + 5*b, 4*x = 4*b + 268. Let p = u - x. What is the tens digit of p?
6
Let x = 26 - 96. Let r = -66 - x. Suppose -1925 = -7*j - r*j. What is the units digit of j?
5
Let w(x) = -4*x**2 + 9*x - 2. Let n be w(1). What is the units digit of (-12)/n + -6 + 12?
2
Let p be 9 + 903/9 + 4/6. Suppose 4*k = -3*v + 732, v - 5*k = -p + 354. What is the tens digit of v?
4
Let n(q) be the first derivative of -q**3/3 - 25*q**2 + 50*q - 145. What is the hundreds digit of n(-28)?
6
Let f(u) = -5*u - 42*u + 88*u - 6*u - 120. What is the tens digit of f(8)?
6
Suppose 2*m + 27*d - 28*d = 26410, 0 = -2*m - 4*d + 26390. What is the hundreds digit of m?
2
Suppose -3*c + 16 = -c. Suppose 8 + 112 = c*b. Suppose 928 = -7*n + b*n. What is the tens digit of n?
1
Let a(r) be the second derivative of 7*r**4/24 - 3*r**3 - r**2 + 21*r. Let g(i) be the first derivative of a(i). What is the units digit of g(5)?
7
Let q be ((-10)/15)/((-2)/(-9)) + 254. Let v = 39 - q. What is the tens digit of (-4 + v/(-16))/(2/16)?
7
Let g be 776 - 30/(-45)*(-9)/(-2). Let t = g - 381. What is the tens digit of t?
9
Suppose 4*w - 492 = 3*y + y, 334 = 3*w + 4*y. Let o = -4049 + 4053. Suppose -o*q + 326 = -w. What is the tens digit of q?
1
Let v = -3 + 149. Let i be (-8)/(-2)*(-1)/((-3)/90). Let r = v - i. What is the units digit of r?
6
Suppose -1 + 4 = -t. Let s be 2*(-6)/t + 180. Let p = s - 94. What is the tens digit of p?
9
Let x = 24420 - 12119. What is the hundreds digit of x?
3
Suppose 3*p = 2*p - p. Suppose 5*q + 4*i - 5505 = p, 4*q - 5*i - 3622 = 782. What is the thousands digit of q?
1
Let g = 17258 - 4895. What is the ten thousands digit of g?
1
What is the ten thousands digit of (-12 - 361/(-19)) + 21175?
2
Suppose 342*j - 89*j = 394021 + 243792. What is the tens digit of j?
2
Let k(v) = -82*v**3 + 11. Let w(n) = -n**3 - 1. Let h(d) = 2*k(d) + 22*w(d). What is the hundreds digit of h(-1)?
1
Suppose 63641 = 36*v - 72674 - 2249. What is the tens digit of v?
4
Let w be 1*(-8)/2 + 27. Suppose -18*m + w*m = 2995. What is the hundreds digit of m?
5
What is the thousands digit of (25180/4)/(125/75)?
3
Let h = -3793 + 6341. What is the hundreds digit of h?
5
Let b(r) = -3*r**3 + 9*r**2 - 4*r - 14. Let w be b(6). Let l = 48 - w. What is the units digit of l?
0
Suppose -425 = 3*y - 5*t, 2*t - 305 = 2*y + 3*t. Let w(k) = 85*k - 2. Let q be w(3). Let p = y + q. What is the tens digit of p?
0
Let s(d) = 2*d + 20 - 14 - d**3 - 7*d**2 + 3. What is the units digit of s(-8)?
7
What is the thousands digit of 6061*2 - 20/15*6?
2
Suppose -5*p + 310 = 5*c, 3*p = -2*c - 3*c + 182. Let h = 68 - p. Suppose -258 = -h*d + 34. What is the units digit of d?
3
Let y(g) = -18*g - 10*g**3 + 12*g**3 + 27*g**2 + 44 - 25*g**2 - 11*g. What is the units digit of y(10)?
4
What is the units digit of 8/3 + (3 - (-838812)/36)?
6
Let c = 56 + -41. Suppose w = -8 + c. Let l(a) = a**3 - 7*a**2 + 6*a - 10. What is the units digit of l(w)?
2
Suppose 32*k + 230 = -90. What is the units digit of (-1)/1 - (10 + 1780/k)?
7
Let p = 16 + -6. Let a(s) = 5 + 12*s - 100*s + p*s. What is the tens digit of a(-1)?
8
Let c(n) = 3*n**3 - 2*n**2 - 17*n + 8352. What is the hundreds digit of c(0)?
3
Suppose 741*q - 3808122 = 10656939. What is the ten thousands digit of q?
1
Let s = 332 + -169. Suppose s = -5*m + 583. Suppose m = v + 3*z, 5*z + 302 = 3*v + 4*z. What is the tens digit of v?
9
Let l be 12 + -8 + 55*4. Suppose 0 = i + 14 - l. Suppose 5*p + 2*r = i, -3*r - r = 3*p - 140. What is the units digit of p?
0
Suppose 0 = 2*z - 9 - 11. Suppose -i = 158 - z. What is the tens digit of (-5 + i/8)/((-3)/6)?
4
Let f = 9765 + -6826. What is the tens digit of f?
3
Let n be 4/(-3)*222/4. Let f = -43 - -172. Let c = n + f. What is the units digit of c?
5
Suppose 13 = -13*r + 871. Let d be (-10)/(-35) - 1410/(-14). Let j = d - r. What is the tens digit of j?
3
Suppose 0 = q + 3*g - 563, -1664 = -3*q + 2*g - 6*g. Suppose -441*a = -439*a - 10. Suppose t + q = 5*t - 2*o, 411 = 3*t - a*o. What is the tens digit of t?
3
Let b(i) = i. Let x(r) = r + 7. Let o(f) = -2*b(f) + x(f). Let k be o(6). What is the units digit of ((-291)/(-6))/((3/6)/k)?
7
Suppose 5*g = r - 3276, -g = 4*r + 341 + 331. Let i = g + 1029. What is the hundreds digit of i?
3
Let b be (-642)/(-36) - 2/(-12). Let d = b - 15. Suppose 312 = d*l + 4*p, -l + 4*p + 23 = -97. What is the hundreds digit of l?
1
Let y = -4116 + 6245. What is the hundreds digit of y?
1
Let g(i) = 2*i**3 - 14*i**2 - 14*i + 58. Let a be g(7). What is the thousands digit of 424*3 - a/20?
1
Let l(q) = 3*q + 206*q**2 - 78*q**2 + 232*q**2 - 7. What is the units digit of l(2)?
9
Let g(f) = 1173*f - 470. What is the hundreds digit of g(9)?
0
Let n be 14/119 + (-540)/34*-1. Suppose 6*o - n - 2474 = 0. What is the hundreds digit of o?
4
Suppose -4*g - 498 = -490. What is the tens digit of (-1324)/((3/g)/(6/4))?
2
Let b = 14918 - 5766. Suppose -17*j = -33*j + b. What is the units digit of j?
2
Suppose 2*d + 2*w + 16 = 0, 5*d - 6 = 8*d - 3*w. What is the tens digit of (d - (-1 - 5)) + 872/2?
3
Let k be -2*(-395)/(-10) + 2. Let s = 83 + k. Suppose s*b - 1173 = -147. What is the hundreds digit of b?
1
Suppose -266*w + 261*w - 7727 = -3*j, 7720 = 3*j + 2*w. What is the thousands digit of j?
2
Let p be 1/(-6*(-1)/36). Suppose -5*t = 4*y - 635, p*y = 2*y + 20. What is the hundreds digit of t?
1
Let k(v) = 17*v - 9. Let u be k(7). Let b = u + -117. What is the hundreds digit of (-34)/119 + (-1444)/b?
2
Let j(m) = -m**2 + 23*m - 28. Let a be j(26). Let n = -116 - a. What is the units digit of (-33)/(-5) - ((-16)/n + -2)?
7
Let m be (17 + 1913)*(-2)/(-5). Suppose h + m = 4*q - 2570, -5*q = -3*h - 4181. What is the units digit of q?
5
Suppose -66096 = -4*c - 3*b + 25542, -5*b = 5*c - 114545. What is the hundreds digit of c?
9
Suppose -5*t = 2*q - 15, 3*t - 19 - 11 = 3*q. What is the hundreds digit of ((2310/(-3))/q)/(2/2)?
1
Let d(w) = 2*w**3 - 11*w**2 - 2*w + 4. Let c be d(8). Suppose 23*v - c = 21*v. What is the units digit of v?
4
Let x = -76312 + 134890. What is the thousands digit of x?
8
Let y be 15*(-2)/(-12)*(3 - 1). Suppose 0*a + y*a + 20 = 0, -2*a = 3*z - 4. Suppose 5*d = z*c + d - 256, -2*c = -d - 129. What is the tens digit o